ppose 0 = 3*o - 0*o - 693. Let g be (-6)/(((-1)/(-8))/(-1)) - 2. Let k = o - g. Is k prime?
False
Let l = 661 + -295. Suppose 0 = r - 4*m - l, 2*m + 0*m = -10. Let j = -87 + r. Is j prime?
False
Let k be (-2)/10 - (-45)/(-25). Let o(j) = j**3 + 2*j**2 + 11*j + 23. Let i be o(-4). Is (i/k)/(15/2370) prime?
False
Let d be 6/7*(-7)/(-3). Suppose -d*f + 3*n = -11493, -3*f = f - 2*n - 22966. Is f a prime number?
False
Suppose 0 = -4*x + 229 - 1. Let d(a) = 0*a**3 + 26*a**2 + x*a + a**3 - 75*a - 31. Is d(-26) a prime number?
False
Let o = -266132 + 405615. Is o a composite number?
False
Suppose -18*r - 743 - 895 = 0. Suppose 3*h + j - 375 = -2*j, 2*h - 241 = j. Let o = h + r. Is o prime?
True
Let t(s) = 3 - 6*s - 20*s**2 + 29*s + 3 - 1 + s**3. Is t(24) a composite number?
False
Let b be 7414821/99 + 2/(-11). Suppose 17*z = 5496 + b. Is z a composite number?
False
Let p = -872 - -1770. Let n be p/9 - 4/(-18). Suppose 6*g = 122 + n. Is g a composite number?
False
Suppose -l - 28001 - 80409 = -3*j, -5*j = 5*l - 180690. Is j composite?
False
Let m(o) = 38*o**2 + 9*o - 5. Let r be m(3). Let i be (-3)/((-18)/15)*r. Suppose -4*z = i - 2850. Is z a composite number?
True
Let f be (-211652)/224 - (-1)/(-8). Let x = f - -2102. Is x prime?
False
Suppose 5 - 40 = -5*y. Let a(p) be the third derivative of -p**6/60 + p**5/4 - p**4/4 - 2*p**2. Is a(y) a composite number?
False
Suppose 1392416 + 803713 = -3*f + 42*f. Is f composite?
False
Let p(s) = 5*s**3 - 35*s + 11. Suppose -40*m + 45*m - 40 = 0. Is p(m) prime?
False
Let r(b) = -b - 32. Suppose -7*q + 4*q = 45. Let m be r(q). Let j(k) = -55*k - 2. Is j(m) a composite number?
True
Is 1/(-2)*(-22410464)/368 prime?
True
Let p(b) = 292180*b**3 - 3*b**2 + 32*b - 28. Is p(1) prime?
True
Suppose -3*d - 2*i + 701 = 0, 3*d - i - 509 - 180 = 0. Let t = 52 - d. Let k = t - -253. Is k prime?
False
Suppose 11*v = 6*v - 1990. Let b = 570 - v. Suppose b = 7*q + 177. Is q prime?
True
Suppose 4*t - 5*l = 75371, 0 = -2*t - l + 46051 - 8376. Is t a composite number?
False
Suppose 132*b - 97712813 - 43869991 = 0. Is b composite?
True
Suppose 5*h - 23 = -13. Suppose h*i + 4*z = 4002, 5*i - 10*z = -7*z + 10031. Is i prime?
False
Let a = -74095 - -181946. Is a a composite number?
True
Suppose -3*r + 2*k + 5344899 = 0, -8*r + k + 1277914 = -12975150. Is r composite?
True
Let s(t) = t**3 + 20*t**2 - 15*t + 128. Let n be s(-21). Suppose 0 = -10*u + n*u + 1016. Is u prime?
True
Let v = 2546 + 2747. Is v composite?
True
Let y = -10149 - -43376. Is y composite?
True
Suppose 6*f - 1776 = -6*f. Let q = 136 - f. Is (54168/(-21) + q/(-28))*-1 composite?
False
Suppose 4*o = -4*s - 7 - 1, -o + 3*s + 14 = 0. Let m be (1068/(-18))/(o/(-6)). Is (14 - 0)/(4/m) prime?
False
Let i(p) = -22*p + 88. Let u be i(4). Let f be 2*3*15/18. Suppose u = 4*z - f*k - 1455, 5*z - 2*k = -413 + 2236. Is z a composite number?
True
Let m(r) = -407*r**2 - 8*r - 3. Let o(p) = 406*p**2 + 7*p + 2. Let x(q) = 4*m(q) + 5*o(q). Suppose -c = -4*j - 17, 13*j = 14*j + 4. Is x(c) prime?
False
Suppose -276 = -2*q + 4*k, -3*q - 6*k = -11*k - 414. Let p = -29 + q. Is p a prime number?
True
Is 1643 - (-24 - (0 - 10)) prime?
True
Suppose 17*s - 16*s = 187. Suppose 0 = 2*m + t - s - 899, -t - 1619 = -3*m. Is m a prime number?
True
Suppose -1642580 = 96*b - 5937716. Is b a prime number?
True
Suppose -14*j + 8*j + 54 = 0. Suppose 2*i - 15725 = -a, -j*a + i = -6*a - 47182. Is a a prime number?
True
Let t = 1 - -4. Suppose -5*r - t*q = -50, 5*q + 10 = 4*r + 3*q. Suppose -r*p = 3*i - 410, -i + 4 = -1. Is p composite?
False
Is 8 - ((-2)/4 - 1773253/34) prime?
True
Let d(g) = -3*g - 64. Let v be d(-24). Suppose -p + 7*n - v*n - 45 = 0, 4*p + 5*n + 177 = 0. Let u = 50 + p. Is u a prime number?
True
Suppose -11*t + 448950 = 19*t. Let m = -7136 + t. Is m composite?
False
Suppose 0 = 3*r - z - 1478709, 3*z + 1497196 = 4*r - 474426. Is r prime?
True
Let b(q) = -48 - 1455*q + 6746*q + 54. Is b(1) prime?
True
Let u be (13/(-3) + 1)*-3. Let c be (-3)/(u - 4) - (-330)/(-4). Let w = c - -202. Is w a prime number?
False
Let v = 183356 - 91989. Is v prime?
True
Suppose 7*s = -2*x + 75843, 4*x = 4*s + 56780 + 94996. Is x composite?
True
Let m be (-3009)/(-1 - (-3)/(-6))*1. Suppose 4*t - 3*u + 1088 - 5133 = 0, -2*t + m = 4*u. Is t a prime number?
True
Suppose -2952 = 3*n + 5*l, 9*n - 6*n - 3*l = -2952. Let f be (-67*1)/(1/(-25)). Let q = f + n. Is q a prime number?
True
Suppose -m - 5*t = 16065, -32480 + 326 = 2*m - 2*t. Let r = -10928 - m. Is r a composite number?
False
Let i be (-240)/(-36) + (-10)/6. Suppose 11*c - 7*c + 12 = 0, 0 = f + i*c - 20086. Is f a prime number?
True
Let l = 438 - 1882. Let c = l + 3161. Is c a prime number?
False
Suppose 330779 = 59*w + 63922. Let i = -167 + -1339. Let y = i + w. Is y a composite number?
True
Let d(v) = 6387*v**2 + 58*v + 108. Is d(-11) composite?
False
Suppose 540 = -4*x + 14*x. Let r = -42 + x. Suppose l + 7051 = r*l. Is l a composite number?
False
Suppose 7*p - 3*p = 7572. Is -9*(-6)/(-18) + -1 + p composite?
False
Let z be (-4)/(-6)*1 - (-14105)/15. Suppose -4*h - 3*a = -4941 + z, -4*a + 4999 = 5*h. Suppose 2*u - c - 841 = 0, -1107 = -5*u + 5*c + h. Is u composite?
False
Is (265843/(-58))/(4/(-8)) a prime number?
False
Let f(s) = 40 - 29*s - 13 - 20*s + 14. Let q be f(-5). Suppose -2*b + q + 102 = 0. Is b a prime number?
False
Suppose -2 = 2*f - 4*d - 18, -5*f + 5*d = -40. Suppose -11 = f*y - 27. Suppose -y*w = -447 + 129. Is w a prime number?
False
Suppose 6*a = -326 + 344. Suppose -11 = 4*c - 15, a*t + 5*c - 6602 = 0. Is t a composite number?
True
Let f(u) = 157*u - 30. Let v(t) = t**3 - 2*t**2 - 2*t - 9. Let o be v(4). Let k be ((-9)/27)/((-1)/o). Is f(k) a composite number?
True
Suppose -q + s = -102966, -5*q + 2*s = -6*q + 102963. Is q a prime number?
False
Suppose v - 4*v + 14039 = -r, -2*v = -5*r - 9342. Suppose v = 2*q - 3*b, 5*b + 3186 - 10160 = -3*q. Is q a composite number?
False
Let h(s) = 1360*s - 723. Is h(34) composite?
True
Suppose -7*s + 2*s = -27985. Suppose 0 = 3*d - 4*o + 9879, 4282 = -3*d - 2*o - s. Let l = -1816 - d. Is l a prime number?
False
Let c(l) = 7*l - 5. Let r(u) = 190*u - 135. Let i(p) = 55*c(p) - 2*r(p). Let o be i(6). Let w = o + -14. Is w prime?
True
Let o be ((-162)/(-24))/(-9) - (-3)/4. Suppose o = 4*u - i - 34 - 0, -4*i = -u + 16. Suppose -u*x + 307 = -7*x. Is x prime?
True
Let t = 9 - -6. Suppose -16*i + 107 = -t*i. Suppose i = 5*x - 378. Is x a composite number?
False
Let o = 24 - 30. Let p be 17/68 + o/16*6. Is (0 + p)/(-2 + 2516/1259) prime?
True
Let l(o) = -122*o**3 + 23*o**2 + 43*o - 9. Is l(-5) prime?
True
Let r(s) = 4722*s**2 - 3*s + 2. Let p(n) = -2*n**3 - 6*n**2 + 8*n + 1. Let l be p(-4). Is r(l) a prime number?
True
Is 463127*(0 + -4 + 5) prime?
False
Let i(t) be the first derivative of 15*t**3 + 26*t**2 + 31*t + 131. Is i(22) prime?
False
Let h(k) = -k**2 + 10*k - 19. Let z be h(7). Suppose z*l - 3*u - 482 = 0, 0*l + 2*l - 458 = -3*u. Suppose 3*f + l = 4*f. Is f composite?
True
Let k = 574392 - 383451. Is k a prime number?
False
Let c(d) = d + 3. Let a be c(3). Suppose 14*k - 56 = a*k. Suppose -k*o = -0*o - 2653. Is o a composite number?
False
Let j be (-1)/(-4) - (4284/(-16) + 4). Suppose 402 + j = 9*g. Is g composite?
True
Suppose 6*y - 5*y - 2 = 0. Suppose -94 = 4*m - 13026. Suppose x - y*j = 815, 0 = -4*x - 0*x - j + m. Is x composite?
False
Let d = -7 + -8. Let u be (d/(-10))/(4/5672). Suppose u = 4*g - g. Is g prime?
True
Let p = -371 - -123. Let m = p - -467. Is m a prime number?
False
Let g(s) = 211*s**2 + 46*s - 47. Let c be g(1). Let o be 4/(-5)*(-4 - 1). Suppose -o*d = -c - 178. Is d a composite number?
False
Let n(q) = q - 1. Let c be n(6). Suppose 5*p - 17 = 3*w + 2, -p = -5*w + c. Suppose i = -w*i + 2283. Is i composite?
False
Let z = 2003 - -3405. Let o be 3*61*z/48. Is o/22 - 10/55 a composite number?
False
Let t = -2629 - -8959. Let p = t + -3311. Is p a composite number?
False
Is (2175/(-290))/((-1)/4 - 408282/(-1633272)) prime?
False
Let l(x) = -25*x + 11. Let o be l(-12). Let n = 782 - o. Is n prime?
False
Is (-7)/(-3) + (-2)/1 + 10592727716/7563 a composite number?
False
Suppose -7*x + 19200937 = 28*x - 585578. Is x a prime number?
False
Let n(f) = 21*f**3 + 5*f**2 + 9*f - 60. Let y